{"id":3435,"date":"2022-09-08T13:31:37","date_gmt":"2022-09-08T13:31:37","guid":{"rendered":"https:\/\/dmn.international\/dzireshop\/product\/maria-b-replica\/"},"modified":"2022-10-18T17:53:07","modified_gmt":"2022-10-18T17:53:07","slug":"maria-b-replica","status":"publish","type":"product","link":"https:\/\/dmn.international\/dzireshop\/product\/maria-b-replica\/","title":{"rendered":"Maria B Replica by HR Designers (Premium Quality) \u00e2\u2018\u00a0\u00e2\u2018\u00a4"},"content":{"rendered":"<p>Brand: MARIA B<\/p>\n<p>demanded item<\/p>\n<p>&nbsp;<\/p>\n<p>Master copy by HR DESIGNERS<\/p>\n<p>&nbsp;<\/p>\n<p>premium quality clothing guaranteed \u00f0\u0178\u0152\u00b9<\/p>\n<p>&nbsp;<\/p>\n<p>FRONT on COTTON fully embroidered with boring cutwork<\/p>\n<p>&nbsp;<\/p>\n<p>Back plain cotton<\/p>\n<p>&nbsp;<\/p>\n<p>Daman Embroidered bunches with boring cutwork<\/p>\n<p>&nbsp;<\/p>\n<p>Sleeves : Cotton embroidered with embroidered bunch<\/p>\n<p>&nbsp;<\/p>\n<p>* Trouser * plain cotton dyed<\/p>\n<p>&nbsp;<\/p>\n<p>* Dupatta * CHARMEUSE SILK HIGH QUALITY DIGITAL PRINTED<\/p>\n<p>&nbsp;<\/p>\n<p>Neck Bunch embroidered<\/p>\n","protected":false},"excerpt":{"rendered":"<p>Brand: MARIA B<\/p>\n<p>demanded item<\/p>\n<p>&nbsp;<\/p>\n<p>Master copy by HR DESIGNERS<\/p>\n<p>&nbsp;<\/p>\n<p>premium quality clothing guaranteed \u00f0\u0178\u0152\u00b9<\/p>\n<p>&nbsp;<\/p>\n<p>FRONT on COTTON fully embroidered with boring cutwork<\/p>\n<p>&nbsp;<\/p>\n<p>Back plain cotton<\/p>\n","protected":false},"featured_media":3434,"comment_status":"open","ping_status":"closed","template":"","meta":{"site-sidebar-layout":"default","site-content-layout":"default","ast-site-content-layout":"default","site-content-style":"default","site-sidebar-style":"default","ast-global-header-display":"","ast-banner-title-visibility":"","ast-main-header-display":"","ast-hfb-above-header-display":"","ast-hfb-below-header-display":"","ast-hfb-mobile-header-display":"","site-post-title":"","ast-breadcrumbs-content":"","ast-featured-img":"","footer-sml-layout":"","theme-transparent-header-meta":"default","adv-header-id-meta":"","stick-header-meta":"","header-above-stick-meta":"","header-main-stick-meta":"","header-below-stick-meta":"","astra-migrate-meta-layouts":"default","ast-page-background-enabled":"default","ast-page-background-meta":{"desktop":{"background-color":"var(--ast-global-color-4)","background-image":"","background-repeat":"repeat","background-position":"center center","background-size":"auto","background-attachment":"scroll","background-type":"","background-media":"","overlay-type":"","overlay-color":"","overlay-opacity":"","overlay-gradient":""},"tablet":{"background-color":"","background-image":"","background-repeat":"repeat","background-position":"center center","background-size":"auto","background-attachment":"scroll","background-type":"","background-media":"","overlay-type":"","overlay-color":"","overlay-opacity":"","overlay-gradient":""},"mobile":{"background-color":"","background-image":"","background-repeat":"repeat","background-position":"center center","background-size":"auto","background-attachment":"scroll","background-type":"","background-media":"","overlay-type":"","overlay-color":"","overlay-opacity":"","overlay-gradient":""}},"ast-content-background-meta":{"desktop":{"background-color":"var(--ast-global-color-5)","background-image":"","background-repeat":"repeat","background-position":"center center","background-size":"auto","background-attachment":"scroll","background-type":"","background-media":"","overlay-type":"","overlay-color":"","overlay-opacity":"","overlay-gradient":""},"tablet":{"background-color":"var(--ast-global-color-5)","background-image":"","background-repeat":"repeat","background-position":"center center","background-size":"auto","background-attachment":"scroll","background-type":"","background-media":"","overlay-type":"","overlay-color":"","overlay-opacity":"","overlay-gradient":""},"mobile":{"background-color":"var(--ast-global-color-5)","background-image":"","background-repeat":"repeat","background-position":"center center","background-size":"auto","background-attachment":"scroll","background-type":"","background-media":"","overlay-type":"","overlay-color":"","overlay-opacity":"","overlay-gradient":""}}},"product_brand":[],"product_cat":[99,136,83],"product_tag":[],"class_list":{"0":"post-3435","1":"product","2":"type-product","3":"status-publish","4":"has-post-thumbnail","6":"product_cat-women-clothing-casual","7":"product_cat-women-clothing-formal","8":"product_cat-women-fashion-and-lifestyle","9":"desktop-align-left","10":"tablet-align-left","11":"mobile-align-left","13":"first","14":"instock","15":"shipping-taxable","16":"purchasable","17":"product-type-simple"},"_links":{"self":[{"href":"https:\/\/dmn.international\/dzireshop\/wp-json\/wp\/v2\/product\/3435","targetHints":{"allow":["GET"]}}],"collection":[{"href":"https:\/\/dmn.international\/dzireshop\/wp-json\/wp\/v2\/product"}],"about":[{"href":"https:\/\/dmn.international\/dzireshop\/wp-json\/wp\/v2\/types\/product"}],"replies":[{"embeddable":true,"href":"https:\/\/dmn.international\/dzireshop\/wp-json\/wp\/v2\/comments?post=3435"}],"wp:featuredmedia":[{"embeddable":true,"href":"https:\/\/dmn.international\/dzireshop\/wp-json\/wp\/v2\/media\/3434"}],"wp:attachment":[{"href":"https:\/\/dmn.international\/dzireshop\/wp-json\/wp\/v2\/media?parent=3435"}],"wp:term":[{"taxonomy":"product_brand","embeddable":true,"href":"https:\/\/dmn.international\/dzireshop\/wp-json\/wp\/v2\/product_brand?post=3435"},{"taxonomy":"product_cat","embeddable":true,"href":"https:\/\/dmn.international\/dzireshop\/wp-json\/wp\/v2\/product_cat?post=3435"},{"taxonomy":"product_tag","embeddable":true,"href":"https:\/\/dmn.international\/dzireshop\/wp-json\/wp\/v2\/product_tag?post=3435"}],"curies":[{"name":"wp","href":"https:\/\/api.w.org\/{rel}","templated":true}]}}